0633. List the prime factors of v.
7, 983
Let l be (-8 - (-21 - 11)) + -1 + -3. Suppose l*c = -12*c + 39712. List the prime factors of c.
17, 73
Let x(b) be the third derivative of -b**6/120 - b**5/10 + 11*b**4/24 + 3*b**3 + 2*b**2 - 32. List the prime factors of x(-9).
2, 3
Suppose 0 = -18*m + 4083 - 15. Suppose -234*u = -m*u - 2880. List the prime factors of u.
2, 3, 5
What are the prime factors of 72*(-55957)/(-957) - ((-56)/(-29) - 2)?
2, 5, 421
Let k = 247 + -229. Suppose 14*s = k*s - 1920. What are the prime factors of s?
2, 3, 5
Suppose -13*v = -8*v. Let q(r) = 7*r + 89. Let a be q(-11). Suppose v = -a*d + 18*d - 486. What are the prime factors of d?
3
Let c(v) = 29*v + 2. Let y(p) = 18*p + 5. Let j be y(1). List the prime factors of c(j).
3, 223
Suppose 3*q = -q - 36. Let l be (185/15)/((-3)/q). Suppose 0 = 2*g + 3*v - 139, 0 = g - 0*v - 5*v - l. List the prime factors of g.
2, 31
Suppose -51 = -5*q + 99. Let p be (3/6)/(3/q). Suppose -9*s + 724 = -p*s. List the prime factors of s.
181
Suppose -o = 0, 4*b + 2*o + 63786 = 7*b + 4*o. List the prime factors of b.
2, 10631
What are the prime factors of -278 + 33292 - (0 - 1)?
3, 5, 31, 71
Let g(w) = w**3 + 79*w**2 - 66*w - 4345. List the prime factors of g(-75).
5, 4621
Let k(l) = -l**2 + 158*l - 3059. List the prime factors of k(133).
2, 7, 19
Suppose 8*q - 3*f - 15 = 12*q, -15 = 3*f. Suppose o = -4*o + 4*b + 2610, -2*o + 4*b + 1056 = q. List the prime factors of o.
2, 7, 37
Suppose 5*k - 190 = -5*d, -25*k = 3*d - 20*k - 124. Let n = 121 + 1. Let w = n - d. What are the prime factors of w?
89
Let f(x) = -3 + 10*x + 8 + 1 + x. List the prime factors of f(10).
2, 29
Suppose -2*d + 6 = -o, -3 = d - o - o. Let z be d/2*84/15. Suppose -3*a + 40 + z = 0. What are the prime factors of a?
2, 3
Let q(l) be the second derivative of l**5/5 - l**4/4 - l**3 - 47*l**2/2 - l + 36. List the prime factors of q(6).
673
Let c(d) = 6*d + 203. Let i(v) = v**2 - 4*v + 40. Let m be i(0). What are the prime factors of c(m)?
443
Let i be -19 + (-1 + -1 - -3) + 0. Let c = 19 + i. Suppose -l + c = -31. List the prime factors of l.
2
Let n = 0 - 27. Let s = 919 - 937. List the prime factors of (-616)/s - (-6)/n.
2, 17
Let k be (30*(-4)/16)/((-3)/(-52)). Let s = -130 - k. List the prime factors of (140 - -6) + (2 - (s + 0)).
2, 37
Let w(n) = 7*n**3 - 117*n**2 + 11*n - 125. What are the prime factors of w(18)?
7, 61
Let i = 12 + 0. Let o(j) = -j**3 + 13*j**2 - 10*j - 19. Let p be o(i). Suppose w = 3*w + 8, p*g - 201 = -w. What are the prime factors of g?
41
Let b = 73 + -67. Let r(w) = -6*w + 8*w + b - 4*w + 14*w. List the prime factors of r(18).
2, 3, 37
Let a be (-6)/(12/16*(-24)/45). Let d(g) = -g + 23. Let q be d(a). Suppose -7*p = -q*p + 138. List the prime factors of p.
2, 3, 23
Suppose 0 = 2*y + 131 + 51. Let d = -47 - -140. Let c = d + y. What are the prime factors of c?
2
Suppose y - 2204 = 5*t, -6*t = -0*y + 4*y - 8790. List the prime factors of y.
3, 733
Suppose 240*t - 3*j = 238*t + 39, 0 = t + 4*j - 3. What are the prime factors of (1 + 414/45)*t?
3, 17
Let z(c) = 616*c - 1862. What are the prime factors of z(20)?
2, 3, 7, 83
Suppose -15*v + 18*v = 24*v - 180180. List the prime factors of v.
2, 3, 5, 11, 13
Let s(c) = 109*c - 33. Let y be s(15). Suppose 5*p - 20 = 0, -3*j + 4*p + 920 = -y. List the prime factors of j.
2, 3, 47
Let g be -12 + 9 - -1*(-115 + 4). Let r = 655 - g. List the prime factors of r.
769
Let w = 182 + -161. Suppose -7*r - 4116 = -w*r. List the prime factors of r.
2, 3, 7
Let c = 40 + 98. Let d = 83 + c. List the prime factors of d.
13, 17
Let k(s) = -s**3 + 7*s**2 + 4*s + 18. Let c be k(8). Let r(f) = 1 - 3*f - 2 + 0*f. What are the prime factors of r(c)?
41
Suppose 5*z - 1176 = 2*i, 0 = 2*i - 3*i - 4*z - 614. Let t = i + 967. List the prime factors of t.
3, 41
Let q be ((-60)/2)/((-6)/8). Suppose 0 = 5*u - 65 + q. Suppose 840 = -u*j + 13*j. What are the prime factors of j?
3, 5, 7
Let f be 15/6*-6*6/(-45). Suppose -11*m - a - 794 = -14*m, f*m - 527 = 3*a. What are the prime factors of m?
5, 53
Suppose 0 = -4*n - 3*f + 4, 20*n = 19*n - 2*f - 4. Suppose g - 3*g + 602 = -n*r, 4*r = -3*g + 883. List the prime factors of g.
3, 11
Suppose 4*c - 54 = -6. Let s = c - 7. Suppose 9*k - 316 = s*k. List the prime factors of k.
79
Let g = -36938 - -61910. List the prime factors of g.
2, 3, 2081
Suppose 4*t + i = -120, 0 = -5*t + 2*i + 32 - 182. What are the prime factors of (t/(-12))/(2/244)?
5, 61
Let j be ((-33)/6 + 6)*6. Suppose -2*m = -10, -m + 1361 = l + j*l. List the prime factors of l.
3, 113
Let z(x) be the third derivative of 19*x**5/60 + x**4/24 - 2*x**3 + 100*x**2. List the prime factors of z(6).
2, 3, 113
Suppose -9480 = -4*v + 2*g, 2*g - 7930 - 6290 = -6*v. What are the prime factors of v?
2, 3, 5, 79
Let s(y) = -y**3 - 3*y**2 + 2*y. Let b be s(-4). Suppose -2*z + 5*f = -76 + 2, 0 = -4*f + b. List the prime factors of z.
2, 3, 7
Suppose -4*i + 3*y = -859, 0*i = 3*i - y - 638. Suppose 5*q + 3*v - i = 37, 5*q - 244 = -4*v. Let b = -1 + q. What are the prime factors of b?
3, 17
Let b(q) = 4*q**3 + 23*q**2 + 9*q + 21. Let o(n) = -n**3 - n**2. Let r(h) = -b(h) - 5*o(h). List the prime factors of r(19).
13
Let r be 98/42 + (-2)/6. Let f be (-276)/(-115)*5*(-4)/r. Let h = f - -274. What are the prime factors of h?
2, 5
Suppose 4 = 2*f, 38*i - 3*f + 23354 = 42*i. What are the prime factors of i?
13, 449
Let c(i) = 2*i**2 - i + 3. Let t be c(0). Let r be (-21)/(-9) - t - (-1210)/15. Suppose 2*w + 4*u = -r + 348, w - 131 = -3*u. List the prime factors of w.
2, 5, 7
Let h be (-94)/(-47) - (435 - 1). Let c = h + 741. What are the prime factors of c?
3, 103
Let h(i) = i**2 - i. Let w be h(9). Let r(p) = p**3 + 22*p**2 - 8*p + 35. Let k be r(-22). Let q = w + k. What are the prime factors of q?
283
Suppose 2*t + 4548 = -5*n + 21111, -n = -2*t + 16545. List the prime factors of t.
2, 3, 7, 197
Suppose 21*k = 24*k. Suppose -18*a - 5*a + 13018 = k. What are the prime factors of a?
2, 283
Suppose -5*y + 2*i + 268 = -16, -5*y + i + 282 = 0. Let f = -53 + y. What are the prime factors of (-39 + 5)*f/(-6)?
17
Let s be 6/4*(46 - 42). List the prime factors of s/15 + (-16203)/(-55).
5, 59
Suppose -21 = 5*i - 12*i. Suppose -i*c + 151 + 1367 = 0. What are the prime factors of c?
2, 11, 23
Let v be (-7 - -7)*((-1)/3)/(-1). Suppose 2*s - 1 - 5 = v, 2*s + 14 = d. List the prime factors of -1*d*(-88)/20.
2, 11
Let i be (-27)/18*(-16)/(-3). Let r(g) = -8*g**3 - g**2 - g. Let q be r(-1). List the prime factors of (-42)/i - 5 - (-1046)/q.
131
Let i(h) = -h**2 - 5*h + 7. Let s be i(-6). Let o(q) = -585*q**3 + 300*q**3 + 300*q**3 - 1 + 3*q**2 + 2*q - q**2 - 3*q**2. List the prime factors of o(s).
3, 5
Let m = 2340 + 2867. What are the prime factors of m?
41, 127
Let q = -1530 + 1784. What are the prime factors of q?
2, 127
Let v = -108 - 15. Let l = 123 + v. Suppose l = -5*n - 3*x + 1197, 4*x = -0*n + 4*n - 932. List the prime factors of n.
3, 79
What are the prime factors of ((-72)/(-48))/(6/19808)?
2, 619
Suppose 476*j - 16792578 = 6051614. List the prime factors of j.
2, 7, 857
Let i(x) = 4*x**2 - 20*x + 9. Let u be i(6). Let o = u - 2. Let k = o - -71. List the prime factors of k.
2, 3, 17
Suppose -4*v - l = 13, 4*l = -5*v + 3*l - 16. Let i be ((-907)/v - 0) + 2/(-6). Suppose -y - 5*r + 131 = -20, 2*y = 2*r + i. What are the prime factors of y?
151
Suppose -5*g - 10*m = -12*m + 19060, 0 = -5*g + 4*m - 19070. What are the prime factors of 1 + g/(-22) + 52/(-286)?
2, 3, 29
Let y = -66876 + 94620. What are the prime factors of y?
2, 3, 17
Suppose 6*d - 1039 = -139. Let q = d - 52. Suppose 5*c = -3*s + 170, -3*c - s = -0*c - q. What are the prime factors of c?
31
Let o(y) = 5*y**2 + 44*y - 78. What are the prime factors of o(16)?
2, 953
Let f = -18515 - -37511. List the prime factors of f.
2, 3, 1583
Let b be (-6)/(-21) + (-9)/((-252)/104). Let u be 9/(9/(-2)) + 0 + b. Suppose 0 = -u*q + 153 + 297. List the prime factors of q.
3, 5
Let a = -41343 + 68698. Suppose 5814 = 41*d - a. What are the prime factors of d?
809
Let s be (-4)/(-3)*((-75)/10 - -3). List the prime factors of (772/(-8))/(3/s).
193
Let v be (2*1)/((-56)/(-9) - 6). What are the prime factors of ((-2)/v)/(2/(-633))*3?
211
Let f(v) = -3*v - 12. Le